(x) = 2*x**3 + 3*x**2 - 5. Let w(i) = 2*p(i) - 5*s(i). Suppose b + 4 = 1. Give w(b).
-9
Let l(u) = u**2 - 7*u + 7. Suppose -o - 36 + 43 = 0. Calculate l(o).
7
Let n(d) = -d**2 + 5*d + 8. Let p(y) = -y**2 + 7*y + 6. Let f be p(7). Give n(f).
2
Let z(s) = -s**2 - s + 3. Let u = 1 - 2. Let k be (1/(-2))/(u/(-6)). What is z(k)?
-3
Let x(i) be the third derivative of -i**5/60 + i**4/24 + i**3/3 - 8*i**2. Let s(r) = r**3 + 3*r**2 + r. Let v be s(-2). Let m = v - 2. Calculate x(m).
2
Let c(i) = -i + 5. Let q be c(0). Let h(x) = x**3 + 5*x**2 + 2*x + 11. Let u(l) = 1. Let p(z) = q*u(z) - h(z). Determine p(-5).
4
Let z(b) = -89 - b + 179 - 94. Let j = -1 - 3. Calculate z(j).
0
Let v(u) = -2*u + 2. Let d(g) be the first derivative of g**3/3 + 5*g**2/2 + 5*g - 1. Let r be d(-5). Let t = -3 + r. Calculate v(t).
-2
Let l(q) = -q**3 + 6*q**2 + 8*q - 2. Let x be l(7). Suppose 0 = 5*t + 20 + x. Let a(m) be the third derivative of -m**4/12 - m**3/3 - 2*m**2. Calculate a(t).
8
Let d(k) = 3 - 18 + k**3 - 4 + 37 - k. What is d(0)?
18
Let d(f) = -3*f**2 + f - 1. Suppose 11 = 5*i + 1. Let n be 8/2 - i - 1. What is d(n)?
-3
Let q(c) be the third derivative of 1/60*c**5 - 7/24*c**4 + 0*c + 7*c**2 - 5/6*c**3 + 0. What is q(7)?
-5
Suppose -2*k = -13 - 15. Let l = k + -3. Suppose 0 = -3*q - l + 2. Let d(f) = f**2 + 3*f + 2. Calculate d(q).
2
Let b(d) = -88*d + 64. Let o(p) = 8*p - 6. Let y(a) = -3*b(a) - 32*o(a). Give y(-1).
-8
Let w(j) be the second derivative of 1/6*j**3 + 0 + j**2 - 8*j. Suppose 2*p = -2*p. Give w(p).
2
Suppose -2*j - 3 = f, 3*f = -0*f - 3. Let t be j + (6 - (6 + -3)). Let a(b) be the first derivative of b**2/2 - 1. What is a(t)?
2
Suppose -f - 3 = -2*f. Let l(y) = -17*y - 5. Let c(t) = -3*t - 1. Let x(v) = 6*c(v) - l(v). Determine x(f).
-4
Let t(z) = -3*z**2 + 2. Let o(u) = -7*u**3 - 4*u**2 + 9*u - 2. Let i(a) = a**3 + a**2 - a. Let b(x) = 6*i(x) + o(x). Let h be b(3). Give t(h).
-10
Let v(x) be the third derivative of x**5/60 - x**4/4 - 4*x**3/3 - 10*x**2. Let l be (-3)/(-5) - 27/(-5). Give v(l).
-8
Let t(s) = -s + 2. Let i(c) be the first derivative of 9/2*c**2 + 10*c + 1/3*c**3 - 2. Let q be i(-7). Calculate t(q).
6
Let j be (24/30)/(2/5). Suppose 4*x + 1 - 15 = -j*z, 3 = -z. Let g(l) = -l**3 + 6*l**2 - l + 3. Let o(r) = -r. Let m(s) = g(s) + 5*o(s). Give m(x).
-2
Let q(j) = -2*j - j + 2 + 830*j**2 - 831*j**2 + j. Suppose -x - x = 8. Determine q(x).
-6
Suppose 5*w = -i + 2*i - 16, -15 = 5*w. Let q be 0 - -3*(i + -2). Let r(d) = -2*d**2 - 4*d - 3*d + 3*d. Calculate r(q).
-6
Let q = 9 - 4. Suppose 3 = -2*u + q. Let l(c) be the third derivative of -c**6/12 + c**5/60 + c**4/24 - c**3/6 + c**2. Give l(u).
-9
Let s(v) = -2*v. Let f be s(-1). Let q(t) = 2*t**2 - t - t**2 + 2 - 4*t. Give q(f).
-4
Let h(d) = 8*d**2 - 41*d - 30. Let a(u) = 3*u**2 - 14*u - 10. Let b(v) = 11*a(v) - 4*h(v). Give b(-9).
1
Let k(u) = u**2 + 2*u - 3. Let z(b) = b - 16. Let r be z(18). What is k(r)?
5
Let h(v) = v**2 + v**3 + 2*v - 5*v + 0 - 6 + 2*v. Give h(0).
-6
Let q(y) be the first derivative of -3*y**2 + 2*y - 23. Give q(3).
-16
Let l = -4 + 1. Let f(o) = 218*o + 224*o - 447*o - 4. What is f(l)?
11
Let n = -16 + 20. Let y(x) = 3 - n*x**2 + x**3 - 7*x + 19*x**2 - 9*x**2. What is y(-7)?
3
Suppose -18 = -y - 2*y. Let f be (6/9)/(2/y). Let i(x) = 2*x + x**f - 3*x - 3*x - 5. Give i(4).
-5
Let m(g) be the third derivative of g**4/6 + g**3/6 + g**2. Suppose 0 = w - 6*w - 60. Let t = w + 10. Calculate m(t).
-7
Let p(f) = -f**2 - 2*f + 1. Let u be p(1). Let l(j) = -j**3 + 6*j**2 - 5*j + 2. Let x be l(5). Let c(k) = k + 3*k**2 + x*k + 3 - 2 + 2*k**3. Give c(u).
-9
Suppose 3*s = 2*b + 10, 3*s = -b + 2 - 7. Let q(p) = 3*p + 6. What is q(b)?
-9
Let j = -69 + 69. Let x(u) = u + 3. Determine x(j).
3
Let j(z) = -4*z**2 + 2*z - 2. Let q(p) = 3*p**2 - 3*p + 2. Let h(g) = 4*j(g) + 5*q(g). Suppose -5 = 5*w + 5*i, 5*w + 3*i = -0*w - 13. Give h(w).
12
Let p(i) = -i**2 - 10*i - 11. Let d be p(-9). Let q(l) = -l**2 - l. Give q(d).
-2
Suppose n = -0*n + 5. Suppose 5*p + 53 = -5*q - 2, 2*q = -n*p - 37. Let r(c) = -c**3 - 6*c**2 + c. Give r(q).
-6
Let c(y) = 3*y**2 + 21*y. Let w(b) = 7*b**2 + 7*b + 6. Let s(d) = -6*d**2 - 7*d - 5. Let v(h) = 6*s(h) + 5*w(h). Let m(x) = -2*c(x) - 7*v(x). Give m(-6).
-6
Let u(g) be the third derivative of -g**4/24 - g**3/3 - g**2. What is u(-2)?
0
Suppose u - 1 = -2*z - z, u - z + 7 = 0. Let c(j) = 2*j + 2. What is c(u)?
-8
Let v(r) be the third derivative of -r**4/24 - 5*r**3/6 - 12*r**2. Determine v(-8).
3
Let l(k) = 20*k - 15*k - 15*k. What is l(1)?
-10
Suppose -z - 3*w = -4*z + 12, 5*z + 3*w = -12. Let y = z - -3. Let g(i) = i**3 - i**2 + i - 1 + y*i**2 - i**2. Determine g(0).
-1
Let l(t) = -5*t - 25*t**2 - 1 + 5*t + 16*t**2. Calculate l(-1).
-10
Suppose m - 3*t = -t + 2, -4 = 4*m - 4*t. Let v(s) = -30*s**2 + 21*s - 21. Let r(w) = -3*w**2 + 2*w - 2. Let n(o) = m*v(o) + 42*r(o). What is n(1)?
-6
Let v(z) = -z - 3. Let s(l) = -2*l - 3. Let m(f) = 3*s(f) - 4*v(f). What is m(5)?
-7
Suppose 5*j = -j - 24. Let q(z) = z**3 + 4*z**2 - z - 2. Give q(j).
2
Let k(q) = 3*q - 1. Let a(o) = o**3 + 11*o**2 - o - 8. Let f be a(-11). Suppose -2 = f*l - 4*l. Calculate k(l).
5
Let b = 0 + -3. Let x(u) = 6*u**2 + 3*u + 6. Let f(q) = -7*q**2 - 3*q - 7. Let t(v) = 5*f(v) + 6*x(v). What is t(b)?
1
Let g(z) = 3*z**2 - z + 2. Let h be g(2). Let c(a) = -11 - a**2 - 3*a**2 + h + 7*a - a**3. Determine c(-5).
-9
Let q = 15 - 9. Let s(k) = -2*k - k + k + q + k. What is s(5)?
1
Let s(t) = t + 7. Let i be s(-5). Let m(x) = -i*x - 1 + 7*x - 3*x. Determine m(4).
7
Let l(s) = 6*s + 16 + 7*s**2 - 2 + s**3 - 6. What is l(-6)?
8
Let q(d) = -9*d**2 - 3*d - 1. Let s(k) be the second derivative of -k**4/12 - k**3/6 + k. Let j(v) = q(v) - 6*s(v). What is j(2)?
-7
Let h(f) be the third derivative of -f**5/60 - 7*f**4/24 - f**3/2 - 7*f**2. Calculate h(-6).
3
Let u(t) = -t. Let l(b) = -24*b**3 + b**2 - 3*b. Let a(x) = -l(x) + 2*u(x). Give a(1).
24
Let r(x) = 5*x**3 + 6*x**2 + x + 8. Let u(s) = 9*s**3 + 12*s**2 + 2*s + 15. Let j(o) = 7*r(o) - 4*u(o). What is j(-6)?
2
Let c(o) = -2*o + 10. Let z(k) = -3*k - 15. Let q(a) = -4*a - 23. Let t(f) = 5*q(f) - 7*z(f). Let i(w) = -2*c(w) - 3*t(w). Determine i(0).
10
Suppose 0 = o + 2, 0 = -2*m + 6*m - 4*o - 84. Let t = -17 + m. Let n(j) = -j**3 + 2*j**2 + j + 2. Give n(t).
4
Let v(s) = -s**2 + 4*s + 3. Let m(u) = -4*u**2 + 11*u + 8. Suppose 0 = 8*t - 6*t + 6. Let n(c) = t*m(c) + 8*v(c). What is n(2)?
14
Let d(p) = p**2 - 2*p**2 + p**3 - 7*p - 4*p**2 + 8. Give d(6).
2
Suppose 4*b + 5*s - s + 76 = 0, 2*b + 58 = 2*s. Let t be (16/b)/(4/(-42)). Let w(r) = r**2 - 7*r - 10. What is w(t)?
-10
Let m(i) = i**2 + 7*i + 2. Let x be m(-7). Let s(h) = h**2 + 2*h**2 + 1 - 3*h - 5*h**x + 7*h**2. What is s(2)?
15
Let k be (1 - 0)/(0 - 1). Let z be 1/(k/(-2)*-1). Let j(p) = p**3 - 3*p**2 - 4*p + 6. Let x(g) = -1. Let o(m) = z*x(m) - j(m). Calculate o(4).
-4
Let g(f) = -5*f**2 + 8 - 3*f - 29 - f**3 + 15. Let i be (-3 - (-4 + 2))*-5. Suppose -i*z = 12 + 13. Determine g(z).
9
Suppose 0 = 2*p - 3*q + 15, -2*p + 3 = -3*q + 6*q. Let c(j) = j**2 + 6*j. What is c(p)?
-9
Let x(h) = 2*h**3 - h. Let o(c) = c**2 - c + 2. Let n be o(0). Suppose -n*f - 3 = f. Let a be f/2 + 3/2. Give x(a).
1
Let v(a) = 4*a + 3. Let g be 2 + (-9)/(45/40). What is v(g)?
-21
Let m(z) = 3*z - 4. Let f be m(2). Let t(y) = -3*y + 3. Calculate t(f).
-3
Let u = 267 - 187. Suppose 8*x = 3*x - u. Let q be ((-2)/4)/(4/x). Let s(p) = -2*p + 1. What is s(q)?
-3
Suppose 21 = j - 3*w + 4, 0 = -3*j + 4*w + 36. Let k be -6*(-3)/(-6) + j. Let b(s) = -s**3 + 6*s**2 - 6*s + 1. What is b(k)?
-4
Let t(a) be the second derivative of a**7/2520 + a**6/240 + a**5/60 - a**4/6 - a. Let d(f) be the third derivative of t(f). Determine d(-4).
6
Let b(v) be the first derivative of -v**4/2 - 5*v**3/3 - v**2 - 2*v + 2. Let r(y) = -5*y**3 - 14*y**2 - 6*y - 6. Let s(a) = 11*b(a) - 4*r(a). Give s(-2).
18
Suppose 6 = -3*t - 0. Let m(o) = o**3 + o**2 + o + 1. Give m(t).
-5
Let q(m) = -m**3 - 3*m**2 - m + 1. Let z = -1 - 1. What is q(z)?
-1
Let o(m) = -2*m - 3. Let r(a) = -a + 1. Let t(y) = -o(y) + 4*r(y). Calculate t(6).
-5
Let i(d) = 3*d**2 - 5*d + 6. Let b(t) = -2*t**2 + 4*t - 5. Let c(u) = 4*b(u) + 3*i(u). Calculate c(-3).
4
Let z be (0 - 28)*2/(-4